e the third derivative of 0*u**3 + 0*u**5 + 4*u**2 - 1/30*u**6 + 0*u + 0*u**4 + 4. Let l(o) = o**3 + o**2 - 3*o - 1. Let b be l(-2). Give d(b).
-4
Let m = -13 + 18. Let u(b) = -3*b**3 + b**2 - 3*b - 5. Let n be u(-1). Let p(t) = 6 + 1 + 1 - 6 + n*t. What is p(m)?
12
Let j = -204508 - -204511. Let d(r) = -r**3 + 3*r**2 - r**2 - r - 2*r. Calculate d(j).
-18
Let a(u) be the second derivative of u**5/20 + 7*u**4/6 - 5*u**3 + 18*u**2 + 1364*u. What is a(-16)?
4
Suppose 20*o = 11*o + 45. Suppose -3*i = 6*p - p + 13, 3*i - o*p = 7. Let h(r) = 13*r. Give h(i).
-13
Suppose 2*h + 28*y - 32*y = 18, 0 = 2*h - 3*y - 14. Let n be (h*-2 - (0 - 7)) + -13. Let w(x) = x**2 + 11*x + 11. Give w(n).
-13
Let d = 283 + -185. Let z = d + -85. Let w(h) = -z*h + 18*h - 6*h - 6. Calculate w(0).
-6
Let g = -46 - -63. Suppose -17 = 3*c - g. Suppose c = -l + 4, -35 = 4*h - 3*l + 1. Let n(w) = -w**2 - 6*w - 3. Calculate n(h).
-3
Let w(k) = -4*k**2 + 9*k + 24*k**2 + k**3 - 6 + 13 + 14 + 13*k. What is w(-19)?
-36
Let n(c) = -22*c**2 + 36*c + 2. Let u(h) = 11*h**2 - 13*h - 2. Let w(k) = 2*n(k) + 5*u(k). Calculate w(1).
12
Let i(w) = 4*w - 56. Let a be 16/((-16)/(-25)) - 13. What is i(a)?
-8
Suppose 9*v = 6*v + o + 6, -2*o = 0. Let g(i) = -3*i**2 + 7 - i**2 + 66*i + 3*i**v - 73*i. Calculate g(-8).
-1
Let v(m) = -8*m**2 - 48*m + 26. Let w(f) = f**2 + 6*f - 3. Let a(i) = 2*v(i) + 17*w(i). Determine a(-5).
-4
Let i(x) = -7*x**3 - 5*x**2 + 31. Let k(b) = b**2 - 9*b**3 - 16 + 0*b**2 + 12*b**3 + b**2. Let q(d) = -2*i(d) - 5*k(d). Determine q(0).
18
Let q(j) be the third derivative of 7*j**4/24 + 4*j**3/3 + 93*j**2 - 3. Determine q(-3).
-13
Let q be 6 - (13/(-2))/(8/(-16)). Let o(x) = -x + 17. Determine o(q).
24
Let s(a) = a**3 + 19*a**2 + 18*a + 3. Let l be 19/(171/12)*(-2)/((-8)/(-54)). Determine s(l).
3
Suppose 0 = -41*k + 38*k - 69. Let s(z) = z**3 + 23*z**2 - z - 26. Let y be s(k). Let g(n) = n**3 + 2*n - 2*n**2 + 6*n**2 - 37 + 36. Determine g(y).
2
Let r(m) be the third derivative of -11*m**4/24 - 11*m**3/6 + 2*m**2 - 3*m + 105. Give r(-2).
11
Suppose g + 17 = -4*q - 69, -3*q - 62 = 2*g. Let m = q - -17. Let h(z) = z**3 + 0*z - 4*z + 0*z**2 - 7 + 0*z + 5*z**2. Determine h(m).
13
Suppose -433*h + 45*h + 259 = 1811. Let p(f) = -6*f**2 - 25*f - 8. Calculate p(h).
-4
Let k = -4436 - -4438. Let f(p) be the first derivative of 4*p - 1 - 4*p - 2 + p + 2*p**2. Give f(k).
9
Let i(a) = -39*a + 6. Let z(n) = 31*n - 6. Let l(o) = 2*i(o) + 3*z(o). Give l(-3).
-51
Let t(j) = -46*j - 17. Let p(y) = -21*y - 10. Let o(g) = 13*p(g) - 6*t(g). Calculate o(6).
-10
Let k(b) = b**3 + 2*b**2 - 8*b + 5. Let c be k(-4). Suppose 17 = 3*g - t - 2, 5*g - c*t - 45 = 0. Let f(a) = 0*a - 9 + 5 - g*a + 5. Determine f(1).
-4
Let k(o) be the first derivative of -o**2 - 44*o - 6163. Give k(-5).
-34
Let n(d) be the second derivative of d**3/6 + d**2/2 + 4*d. Let k = 19846 + -19836. Determine n(k).
11
Let n(q) = -q**3 + 11*q**2 - 11*q + 52. Let g be n(10). Suppose 0 = -113*j + 120*j - g. Let f(a) = 7 - a**2 - 2 - 1. What is f(j)?
-32
Let s(p) = 1. Let m(x) = 3. Let c(h) = -m(h) + 4*s(h). Let g(y) = y + 2. Let k(j) = -2*c(j) + g(j). Suppose -69*w + 65*w = 35*w. Determine k(w).
0
Let c(b) = -b**3 + 9*b**2 + 9*b - 3. Let r be (-1 + 3/2)/(((-1029)/140)/(-147)). Determine c(r).
-13
Let o(b) = -b - 10. Let f(d) = 5*d + 50. Let k(p) = f(p) + 4*o(p). Determine k(7).
17
Let i = 4 + 0. Let f(r) = 9*r**2 + 4*r + 4. Let j(n) = 8*n**2 + 5*n + 5. Let k be (-48)/16*(-5)/(-6)*2. Let o(g) = i*j(g) + k*f(g). Give o(1).
-13
Let s(l) = 21*l**3 - 20*l**2 - 11*l - 2. Let w(u) = 63*u**3 - 69*u**2 - 39*u - 7. Let q(j) = -7*s(j) + 2*w(j). Let k = 9 + -4. Let d = k + -4. Determine q(d).
-20
Let b(v) = 3*v + 32. Let k(w) = w**3 + 14*w**2 - 124*w + 15. Let y be k(6). Give b(y).
5
Let p = 3 + -5. Let i(q) = 13*q**2 + 68*q + 5. Let l(n) = 9*n**2 + 49*n + 4. Let s(h) = -5*i(h) + 7*l(h). Determine s(p).
-11
Let n(x) be the third derivative of -x**5/30 - 5*x**4/12 - 11*x**3/6 - 3447*x**2 - 2*x. Give n(-3).
1
Let o(c) = 7*c**2 - c - 1. Let a be ((-3)/9)/((-14)/210*-5). Calculate o(a).
7
Suppose -111 - 29 = -7*c. Let j(v) = 0*v + 2*v**2 + v + c + 3*v - 16. Give j(-3).
10
Let u(j) = j**2 - 5 - 4 + 1 + 8*j. Let h(g) = 9*g**3 - 1043*g**2 - 1041*g + 3. Let q be h(-1). What is u(q)?
-8
Let u(d) be the third derivative of -d**5/60 + d**4/4 + 4*d**3/3 + 3*d**2 - 125. What is u(9)?
-19
Suppose 13 = 4*o - 3*r, -2*o - 3*r = -5*r - 8. Suppose -33*w - o = -34. Let s(n) = -8*n - 2. Calculate s(w).
-10
Let z(l) be the second derivative of -1/4*l**4 - 1/2*l**3 + 14*l - l**2 + 1/20*l**5 + 1. Determine z(3).
-11
Let t(x) = 10891*x - 2. Let k(y) = 18152*y - 4. Let o(m) = -3*k(m) + 5*t(m). Let c(z) = z**3 + 2. Let l be c(-2). Determine o(l).
8
Let o(x) = 184 + 295 - 8*x - 542. What is o(-7)?
-7
Let j(t) = 5*t - 33. Let g be j(7). Suppose g*w = 8 - 8. Let s(r) = -6*r + 1. Let f(b) = 7*b. Let l(n) = -5*f(n) - 6*s(n). What is l(w)?
-6
Let q(w) = 5*w - 1 + w**3 - 4*w**2 - 1 + 0. Suppose -75 = 10*g + 385. Let t be 6 - g/(-14) - 4/(-14). Determine q(t).
4
Let x(a) = -a**3 - a + a**2 + 6*a**3 - 3*a**2. Suppose s + f - 25 = -0*f, 2*f + 10 = 0. Suppose s = 48*h - 78*h. Give x(h).
-6
Let p(u) = -7*u**3 - u**2 + u + 1. Let v = -10 + 3. Let s(w) = 84*w + 86*w + 89*w - 341*w + 6 + 83*w. Let f be s(v). What is p(f)?
6
Let p(f) be the first derivative of f**3/3 + f**2/2 - 278*f - 3904. Calculate p(-17).
-6
Let h(z) = -z**3 - 11*z**2 - 17*z + 11. Let i be (5 - 7)*(-108)/(-24). Determine h(i).
2
Let i(c) = -c**2 + c - 1. Let k be i(3). Let s(w) = 6. Let o(u) = -3*u + 8. Let t(d) = o(d) - 2*s(d). What is t(k)?
17
Let f(x) = 112*x + 670. Let l be f(-6). Let z(m) = 4*m**3 - 2*m + 1. Give z(l).
-27
Let u(y) be the third derivative of 1/120*y**6 - 7/60*y**5 + 31 - 2/3*y**3 + 1/8*y**4 + 0*y - 2*y**2. Calculate u(7).
17
Let a(i) = 3*i**3 + 18*i**2 - 6*i - 23. Let v(k) = 421*k + 4625. Let t be v(-11). Determine a(t).
13
Let m(p) = 2 - 4 + 37110*p + 6 - 37115*p. Let u = 6 - 10. Determine m(u).
24
Suppose 28 = 3*p + 4*d, -2*p + 5*p = -5*d + 32. Suppose -66 + 378 = 8*j. Let q(u) = -12 - 35*u + 11 + j*u. Determine q(p).
15
Let d(k) be the third derivative of k**6/360 - k**5/120 - k**4/12 + 46*k**3/3 + 122*k**2. Let o(g) be the first derivative of d(g). Determine o(2).
0
Let y(q) = -q**3 - 7*q**2 - 3*q - 19. Let c = -15853 - -15846. What is y(c)?
2
Let x(p) be the second derivative of p**6/360 + p**5/120 + 11*p**4/12 + 6*p. Let s(f) be the third derivative of x(f). Let h = 7 - 13. Determine s(h).
-11
Let k(i) be the third derivative of -i**5/60 - 13*i**4/24 + 151*i**3/3 - 341*i**2 - 2*i. Calculate k(-25).
2
Suppose 20 = f - 4*y, -2*f - 2*y = -0*y. Suppose -f*o = -o - 24. Let v(w) = 11078*w - 4863*w - 3106*w - 3107*w - 7. What is v(o)?
9
Suppose 7*w - 96 = 485. Suppose -w*l - 2 = -84*l. Let o(q) = l*q**3 - 3*q + 3*q**3 - q**2 + q - 3 + 2. Determine o(-1).
-5
Let k(r) = -2*r + 32. Let q be k(6). Let y = q + -18. Let o(u) be the first derivative of -u**2/2 + 4*u + 18. What is o(y)?
2
Let v = 605 - 604. Let g(p) = -12*p + 2. Let i(y) = -6*y + 2. Let m(b) = 5*g(b) - 4*i(b). Give m(v).
-34
Let y(b) = -2*b**2 - 19*b - 21. Let n be y(-13). Let u = n + 114. Suppose -u*l + 0 = -t - 1, -2*l + 6 = 4*t. Let z(x) = -10*x. Calculate z(l).
-10
Let m(d) = 3*d + 6. Let h = 3531 - 3530. Determine m(h).
9
Let p(u) = -3*u - 20. Suppose -181 - 15 = -7*c. Suppose 2*n + c = 12. Calculate p(n).
4
Let d = 921 - 632. Let i = d + -289. Let q(f) = f + 20. Calculate q(i).
20
Let x(p) = -p**2 - 4*p + 1. Let i be x(-5). Let q(t) be the third derivative of -t**5/60 - 5*t**4/24 + 20*t**2 - 3*t - 9. Give q(i).
4
Let i(d) = -7*d + 44. Let h(x) = -50*x + 340. Let v(y) = -2*h(y) + 15*i(y). Give v(6).
-50
Let c(y) = -14*y + 6*y - 4*y**2 + 4*y + 6 + 5*y**2. Suppose -265 = -4*t - 257. Give c(t).
2
Let n(u) be the first derivative of -u**4/4 + 2*u**3/3 + u**2/2 + u - 3. Let f be (2/5)/(952/(-840) + (-8)/(-6)). What is n(f)?
3
Suppose -j + 20 = 4*s, 3*j + 3*s = 2*s + 16. Suppose -x + 1 = -5*i, j*i + 10 = -5*x + 15. Let n(b) = b. Calculate n(x).
1
Let v(o) = -36*o + 5*o - 17 + 16*o - o**3 - 15*o**2. Calculate v(-14).
-3
Let s(r) = 26*r**2 + 12*r - 9. Let u(b) = 8*b**2 + 4*b - 3. Let t(a) = 6*s(a) - 17*u(a). Calculate t(2).
85
Let u(k) =